actor of 787?
False
Is 160 a factor of 5920?
True
Is 50323 a multiple of 23?
False
Is 1460 a multiple of 5?
True
Is 2052 a multiple of 4?
True
Is 111 a factor of 460?
False
Is 116 a multiple of 8?
False
Is 168 a factor of 35280?
True
Is 38 a factor of 266?
True
Is 35 a factor of 661?
False
Does 151 divide 16776?
False
Is 6781 a multiple of 103?
False
Does 9 divide 5515?
False
Is 12118 a multiple of 83?
True
Is 38 a factor of 537?
False
Is 81587 a multiple of 32?
False
Is 88880 a multiple of 88?
True
Is 18 a factor of 2768?
False
Does 5 divide 315?
True
Does 47 divide 2252?
False
Does 4 divide 13217?
False
Is 201 a multiple of 6?
False
Is 4872 a multiple of 8?
True
Is 33150 a multiple of 102?
True
Is 18941 a multiple of 31?
True
Is 131 a factor of 2761?
False
Is 12 a factor of 2796?
True
Is 121 a factor of 14641?
True
Is 2940 a multiple of 70?
True
Is 238 a factor of 72232?
False
Does 7 divide 742?
True
Is 35 a factor of 109096?
False
Is 704 a multiple of 16?
True
Does 102 divide 11695?
False
Is 860 a multiple of 30?
False
Does 19 divide 2717?
True
Is 10 a factor of 5508?
False
Is 32 a factor of 4582?
False
Does 48 divide 1525?
False
Does 16 divide 24?
False
Is 46 a factor of 5035?
False
Is 1014 a multiple of 47?
False
Does 11 divide 74?
False
Is 21155 a multiple of 6?
False
Is 5 a factor of 1220?
True
Is 48 a factor of 2832?
True
Is 16853 a multiple of 11?
False
Is 12 a factor of 2196?
True
Is 1334 a multiple of 58?
True
Is 15 a factor of 63865?
False
Is 507 a multiple of 16?
False
Does 11 divide 209?
True
Does 6 divide 61176?
True
Is 8918 a multiple of 13?
True
Is 23153 a multiple of 137?
True
Is 946 a multiple of 9?
False
Is 3 a factor of 9?
True
Is 498 a multiple of 6?
True
Is 27 a factor of 1107?
True
Is 15 a factor of 946?
False
Is 29722 a multiple of 9?
False
Is 6082 a multiple of 80?
False
Is 309 a factor of 39243?
True
Is 4465 a multiple of 28?
False
Does 11 divide 403?
False
Is 518 a multiple of 13?
False
Is 7875 a multiple of 21?
True
Is 22740 a multiple of 15?
True
Is 15178 a multiple of 6?
False
Is 26 a factor of 8034?
True
Is 42 a factor of 13059?
False
Is 13156 a multiple of 34?
False
Does 102 divide 2346?
True
Does 25 divide 1713?
False
Is 400 a multiple of 15?
False
Is 23 a factor of 6762?
True
Is 199 a multiple of 6?
False
Is 154 a factor of 88858?
True
Does 52 divide 8372?
True
Is 3 a factor of 11231?
False
Is 11 a factor of 482?
False
Is 88 a multiple of 22?
True
Does 19 divide 8469?
False
Is 17385 a multiple of 61?
True
Is 34 a factor of 1088?
True
Does 17 divide 8738?
True
Is 5 a factor of 170?
True
Is 6 a factor of 3727?
False
Does 19 divide 2853?
False
Is 494 a multiple of 13?
True
Does 64 divide 1920?
True
Is 291 a multiple of 3?
True
Is 13 a factor of 91?
True
Is 13 a factor of 208?
True
Does 21 divide 49686?
True
Does 14 divide 859?
False
Does 43 divide 989?
True
Is 495 even?
False
Is 1717 a multiple of 5?
False
Does 12 divide 84?
True
Does 26 divide 7150?
True
Is 47 a factor of 1441?
False
Is 288 a multiple of 44?
False
Is 5 a factor of 1134?
False
Is 7986 a multiple of 33?
True
Is 390 a multiple of 15?
True
Is 10224 a multiple of 48?
True
Is 40 a factor of 26035?
False
Is 17 a factor of 23868?
True
Is 58 a factor of 316?
False
Is 1217 a multiple of 29?
False
Is 1238 a multiple of 12?
False
Is 48 a factor of 1104?
True
Is 526 a multiple of 16?
False
Does 73 divide 2903?
False
Is 3985 a multiple of 131?
False
Is 17664 a multiple of 32?
True
Is 28560 a multiple of 30?
True
Does 34 divide 3234?
False
Does 24 divide 2160?
True
Is 42488 a multiple of 8?
True
Does 53 divide 1590?
True
Is 1143 a multiple of 9?
True
Does 224 divide 8064?
True
Does 16 divide 7040?
True
Is 373 a multiple of 4?
False
Is 43 a factor of 622?
False
Is 30 a factor of 270?
True
Is 55870 a multiple of 37?
True
Is 1880 a multiple of 24?
False
Is 2 a factor of 38?
True
Is 19 a factor of 30001?
True
Is 71 a factor of 1988?
True
Is 27 a factor of 138?
False
Does 18 divide 1188?
True
Does 137 divide 15070?
True
Is 70980 a multiple of 78?
True
Does 51 divide 4095?
False
Is 13782 a multiple of 17?
False
Is 3 a factor of 105?
True
Is 44 a factor of 468?
False
Does 14 divide 1821?
False
Is 3109 a multiple of 98?
False
Is 351 a multiple of 32?
False
Is 9537 a multiple of 11?
True
Is 59 a factor of 299?
False
Is 3 a factor of 838?
False
Is 31 a factor of 723?
False
Does 37 divide 20901?
False
Is 635 a multiple of 3?
False
Is 121 a factor of 7557?
False
Does 28 divide 1378?
False
Is 15686 a multiple of 38?
False
Is 9 even?
False
Is 634 a multiple of 105?
False
Is 4950 a multiple of 45?
True
Does 43 divide 860?
True
Does 21 divide 4263?
True
Does 32 divide 3156?
False
Does 14 divide 5516?
True
Does 6 divide 7516?
False
Does 17 divide 603?
False
Does 15 divide 5680?
False
Is 32 a factor of 976?
False
Is 3819 a multiple of 67?
True
Is 9912 a multiple of 24?
True
Is 5623 a multiple of 29?
False
Does 77 divide 12783?
False
Is 9 a factor of 2344?
False
Does 15 divide 585?
True
Is 182700 a multiple of 18?
True
Is 44744 a multiple of 31?
False
Is 346 a multiple of 4?
False
Does 29 divide 6322?
True
Is 736 a multiple of 8?
True
Is 4238 a multiple of 11?
False
Is 10 a factor of 1518?
False
Is 13288 a multiple of 5?
False
Is 16 a factor of 240?
True
Does 35 divide 2800?
True
Is 40 a factor of 2520?
True
Does 136 divide 31416?
True
Is 408 a multiple of 8?
True
Is 105790 a multiple of 106?
False
Is 602 a multiple of 14?
True
Is 525 a multiple of 105?
True
Does 4 divide 387?
False
Is 3198 a multiple of 78?
True
Is 7285 a multiple of 34?
False
Does 19 divide 42767?
False
Does 54 divide 7064?
False
Is 10 a factor of 1124?
False
Does 22 divide 5734?
False
Is 60 a factor of 106800?
True
Is 13 a factor of 754?
True
Does 8 divide 32?
True
Is 430 a multiple of 51?
False
Is 27 a factor of 4725?
True
Is 672 a multiple of 4?
True
Is 19782 a multiple of 18?
True
Is 29 a factor of 4118?
True
Is 55 a multiple of 8?
False
Does 27 divide 6611?
False
Is 60 a factor of 21360?
True
Does 19 divide 6319?
False
Is 7 a factor of 7553?
True
Does 12 divide 216?
True
Is 18 a factor of 16794?
True
Is 32 a factor of 10803?
False
Is 552 a multiple of 8?
True
Is 7033 a multiple of 13?
True
Does 14 divide 1550?
False
Is 20 a factor of 15733?
False
Is 40557 a multiple of 33?
True
Does 23 divide 730?
False
Is 25 a factor of 2250?
True
Is 4088 a multiple of 8?
True
Does 10 divide 7170?
True
Does 20 divide 2280?
True
Is 76 a multiple of 4?
True
Is 2205 a multiple of 21?
True
Does 7 divide 685?
False
Does 56 divide 8874?
False
Does 18 divide 951?
False
Is 2 a factor of 391?
False
Does 10 divide 2560?
True
Is 12 a factor of 21?
False
Does 77 divide 24229?
False
Is 4328 a multiple of 8?
True
Does 42 divide 144428?
False
Is 556 a multiple of 5?
False
Is 1890 a multiple of 27?
True
Is 16 a factor of 1632?
True
Does 13 divide 91?
True
Is 189 a multiple of 13?
False
Is 6 a factor of 467?
False
Does 3 divide 2967?
True
Does 29 divide 6061?
True
Is 129678 a multiple of 12?
False
Is 3120 a multiple of 48?
True
Does 117 divide 747?
False
Is 25986 a multiple of 142?
True
Is 32 a factor of 2165?
False
Is 6 a factor of 360?
True
Does 16 divide 496?
True
Is 15 a factor of 542?
False
Does 17 divide 816?
True
Does 13 divide 291?
False
Does 143 divide 30459?
True
Is 1672 a multiple of 44?
True
Does 143 divide 66730?
False
Is 2182 even?
True
Does 67 divide 3240?
False
Is 3240 a multiple of 12?
True
Is 393 a multiple of 26?
False
Is 9513 a multiple of 156?
False
Is 6 a factor of 4918?
False
Does 30 divide 2826?
False
Is 5 a factor of 836?
False
Is 16 a factor of 32?
True
Is 5225 a multiple of 5?
True
Is 1771 a multiple of 77?
True
Does 16 divide 3111?
False
Does 158 divide 2681?
False
Is 15 a factor of 1425?
True
Is 4 even?
True
Is 2 a factor of 194?
True
Is 46 a factor of 16652?
True
Does 71 divide 3383?
False
Is 17 a factor of 187?
True
Is 2982 a multiple of 14?
True
Is 43994 a multiple of 304?
False
Is 4 a factor of 5106?
False
Does 6 divide 293?
False
Is 287 a factor of 49077?
True
Is 11 a factor of 14707?
True
Is 58 a factor of 174?
True
Is 70 even?
True
Does 11 divide 216?
False
Is 43 a factor of 5093?
False
Is 5 a factor of 141?
False
Is 350 a factor of 96250?
True
Is 1122 a multiple of 68?
False
Is 29 a factor of 24